12 and 1856?
928
What is the highest common divisor of 260193 and 129?
129
Calculate the highest common divisor of 506 and 20516.
46
Calculate the highest common divisor of 138555 and 180.
45
Calculate the greatest common divisor of 594 and 7248.
6
What is the greatest common divisor of 39 and 72033?
39
Calculate the greatest common divisor of 38676 and 33.
33
What is the greatest common factor of 44 and 22660?
44
Calculate the greatest common factor of 2496 and 70200.
312
Calculate the highest common factor of 263 and 927338.
263
What is the highest common divisor of 7376 and 256?
16
What is the highest common factor of 1093347 and 5535?
369
What is the highest common divisor of 297 and 8370?
27
What is the greatest common divisor of 28350 and 840?
210
Calculate the highest common divisor of 831491 and 317.
317
Calculate the highest common divisor of 70 and 14800.
10
What is the greatest common divisor of 4 and 132148?
4
Calculate the highest common factor of 3498 and 5214.
66
What is the highest common factor of 25049 and 37?
37
Calculate the highest common divisor of 171847 and 13.
13
What is the greatest common factor of 5884 and 708?
4
What is the greatest common factor of 17969 and 12019?
119
What is the greatest common divisor of 8715 and 581415?
1245
What is the highest common divisor of 115261 and 237?
79
Calculate the greatest common divisor of 1268 and 166.
2
What is the greatest common factor of 2506 and 546?
14
What is the greatest common divisor of 174 and 979562?
58
Calculate the highest common factor of 23177 and 91.
7
Calculate the highest common factor of 228 and 15468.
12
Calculate the greatest common divisor of 157732 and 188.
188
Calculate the highest common divisor of 7531428 and 36.
12
Calculate the highest common factor of 110 and 35365.
55
What is the highest common divisor of 70 and 60900?
70
What is the greatest common factor of 37576 and 1288?
56
Calculate the highest common divisor of 409910 and 80.
10
What is the greatest common factor of 315 and 20097?
63
What is the highest common factor of 360043 and 17?
17
Calculate the highest common divisor of 356495 and 555.
185
What is the highest common factor of 3675 and 915?
15
Calculate the greatest common divisor of 33528 and 3.
3
What is the greatest common divisor of 17653 and 1807?
139
What is the highest common divisor of 80 and 3560?
40
Calculate the highest common factor of 34557 and 3.
3
What is the highest common divisor of 5750 and 69?
23
Calculate the highest common factor of 22815 and 5325.
15
Calculate the greatest common factor of 4 and 157889.
1
Calculate the greatest common divisor of 1272959 and 71.
71
Calculate the highest common factor of 37179 and 289.
17
Calculate the highest common factor of 65475 and 900.
225
Calculate the greatest common divisor of 35695 and 1711.
59
Calculate the highest common factor of 592 and 60014.
74
Calculate the highest common factor of 3107 and 182.
13
What is the greatest common factor of 20811 and 12?
3
What is the greatest common factor of 4410 and 190?
10
Calculate the highest common divisor of 98487 and 45.
9
Calculate the greatest common divisor of 2167 and 591.
197
What is the highest common divisor of 1168 and 800?
16
Calculate the greatest common factor of 9951 and 403.
31
What is the highest common divisor of 746184 and 24?
24
Calculate the highest common factor of 2761 and 16.
1
What is the highest common divisor of 550 and 1255364?
22
Calculate the greatest common divisor of 32681 and 44.
11
Calculate the highest common divisor of 1699591 and 166.
83
Calculate the highest common factor of 384 and 14376.
24
Calculate the highest common factor of 248722 and 414.
46
What is the highest common factor of 1775880 and 96?
24
What is the highest common factor of 676 and 342901?
169
Calculate the greatest common factor of 80 and 241540.
20
Calculate the highest common factor of 518 and 14574.
14
What is the highest common factor of 4152010 and 20?
10
Calculate the highest common divisor of 59640 and 240.
120
Calculate the highest common factor of 80 and 1661040.
80
What is the greatest common divisor of 696 and 1209532?
116
Calculate the greatest common factor of 29394 and 196173.
639
What is the highest common factor of 1467 and 11899?
163
Calculate the highest common factor of 582 and 11.
1
Calculate the greatest common factor of 2128 and 9728.
304
Calculate the highest common factor of 43080 and 29400.
120
Calculate the greatest common factor of 136 and 706690.
34
What is the greatest common factor of 477558 and 430?
86
What is the greatest common factor of 207 and 33810?
69
What is the greatest common factor of 231405 and 60?
15
Calculate the greatest common divisor of 1079 and 273.
13
Calculate the highest common divisor of 544 and 8672.
32
Calculate the greatest common divisor of 288 and 1491528.
24
What is the greatest common factor of 285 and 2403?
3
What is the highest common divisor of 1781 and 533?
13
Calculate the highest common factor of 20940 and 105.
15
What is the highest common divisor of 26702 and 79?
79
Calculate the greatest common divisor of 446193 and 297.
99
Calculate the highest common divisor of 486176 and 32.
32
What is the greatest common divisor of 160 and 215590?
10
Calculate the highest common divisor of 846 and 954.
18
What is the greatest common factor of 88510 and 30?
10
Calculate the highest common divisor of 394477 and 4210.
421
What is the highest common divisor of 3131 and 7777?
101
What is the highest common factor of 2944 and 376?
8
What is the highest common divisor of 14992 and 72?
8
What is the greatest common factor of 176346 and 194?
194
Calculate the greatest common factor of 6 and 8889.
3
Calculate the greatest common factor of 48 and 4616.
8
What is the highest common factor of 255599 and 598?
23
What is the greatest common divisor of 2193 and 42279?
51
What is the highest common divisor of 370 and 12250?
10
What is the highest common factor of 4660 and 1680?
20
Calculate the greatest common divisor of 1339 and 6283.
103
What is the greatest common divisor of 513 and 18753?
57
What is the greatest common divisor of 120119 and 226?
113
What is the greatest common factor of 508 and 1210183?
127
What is the highest common divisor of 23449 and 32488?
131
Calculate the greatest common factor of 6834 and 9961694.
2278
Calculate the highest common divisor of 323 and 7276.
17
What is the highest common divisor of 1092 and 156?
156
What is the highest common divisor of 8833 and 2057?
121
What is the greatest common factor of 4441216 and 340?
68
What is the highest common divisor of 22635 and 45?
45
Calculate the highest common divisor of 181920 and 480.
480
What is the greatest common divisor of 130 and 507598?
26
Calculate the highest common factor of 4 and 43132.
4
What is the highest common divisor of 19298 and 70?
2
What is the greatest common divisor of 81361 and 2065?
413
Calculate the highest common factor of 668656 and 1264.
1264
What is the greatest common factor of 162 and 62658?
18
What is the greatest common divisor of 408 and 33796?
68
What is the highest common factor of 32062 and 6394?
46
Calculate the highest common factor of 184392 and 78.
78
What is the highest common divisor of 342 and 103512?
114
Calculate the highest common factor of 13 and 423592.
13
Calculate the highest common divisor of 5225 and 190.
95
What is the greatest common divisor of 294 and 3000?
6
Calculate the highest common factor of 1638 and 315.
63
Calculate the greatest common divisor of 120588 and 156.
156
Calculate the highest common divisor of 211474 and 4042.
86
What is the highest common factor of 62315 and 56135?
515
Calculate the greatest common divisor of 11217621 and 573.
573
What is the highest common factor of 378910 and 175?
35
Calculate the highest common divisor of 108 and 129188.
4
What is the greatest common divisor of 15213 and 71?
1
Calculate the highest common factor of 154 and 114940.
14
What is the highest common divisor of 234 and 1085214?
78
Calculate the greatest common divisor of 23500 and 20.
20
What is the greatest common divisor of 11848 and 56?
8
What is the highest common factor of 116 and 155933?
29
Calculate the greatest common factor of 260 and 25680.
2